w(s) be the first derivative of -2 - 2*s + 3/2*s**2 - s**3 - 1/4*s**4. List the prime factors of w(-4).
2
Suppose 34 + 68 = 3*w. List the prime factors of w.
2, 17
Suppose 5*x - 263 - 472 = 0. List the prime factors of x.
3, 7
Let v = -13 + 40. What are the prime factors of v?
3
Suppose -3*x + 63 = -63. List the prime factors of x.
2, 3, 7
What are the prime factors of (-4)/(-6) + 1016/24?
43
What are the prime factors of ((-99)/(-15) + 5)*(6 - 1)?
2, 29
Let v = 4 + 3. Suppose -v*b = -11*b + 100. What are the prime factors of b?
5
Suppose -4*m + 5*m = 0. Let x = 2 - m. List the prime factors of x.
2
Let r(h) = -75*h. Let p be r(-1). Suppose -4*q + p = -25. What are the prime factors of q?
5
What are the prime factors of 27 - -6 - (-3 - 0)?
2, 3
Let a = 7 - 17. Let w be (116/a)/(4/(-20)). Suppose 5*o = -v + 5*v + w, -3*v = 3*o - 24. What are the prime factors of o?
2, 5
Let t = 80 + -28. List the prime factors of t.
2, 13
Let i = 5 - 0. Suppose -i*u + 4 = -1. Let o = 4 - u. List the prime factors of o.
3
List the prime factors of (-2)/(-16) + 572/32.
2, 3
Suppose -4*d + 2*v = -182, -315 + 95 = -5*d + v. Let c = -16 + d. What are the prime factors of c?
3
Suppose 0 = -2*i + 3 + 1. Suppose 0 = -v - i*v + 108. Suppose -2*k = -5*k + v. List the prime factors of k.
2, 3
Let k be 1/(-5) - (-38)/(-10). Let h = k - -7. Suppose -4*w - 5*q - 4 = 0, 0*w + 16 = h*w - q. What are the prime factors of w?
2
Suppose -3*b - 360 = -8*b. Suppose -b = -5*x - r, 62 = 3*x + 2*x - 4*r. List the prime factors of x.
2, 7
Suppose -5 = c - 45. Suppose -u = 3*u + c. Let h = 25 + u. What are the prime factors of h?
3, 5
Suppose 5*k + 7 = 4*l + 22, 0 = -2*l. Suppose -j + k*q = -42, 2*j + 3*q = 107 + 4. List the prime factors of j.
3, 17
Let b(m) = -m**3 + 9*m**2 - 8*m + 5. List the prime factors of b(8).
5
Suppose 5*o + 10 = 5*q, 5*q + o = -0*o + 28. Let l = q + 6. What are the prime factors of l?
11
Suppose -5*v + 15 = -0*v. Suppose -h - 5*w + 56 = 3*h, -v*h + 3*w = -15. What are the prime factors of h?
3
Suppose -2*h = -5*k + 7 - 3, 0 = 3*k - 12. What are the prime factors of h?
2
List the prime factors of (-3)/4*(-8128)/24.
2, 127
Let p = 40 + -17. Let z = -87 + p. List the prime factors of 3/9 - z/6.
11
Suppose 3*b - 3 = 0, -895 = -s - 2*s - 4*b. What are the prime factors of s?
3, 11
Let j = -145 - -101. Let m = j + 64. List the prime factors of m.
2, 5
Suppose -b = -0*b - 4. List the prime factors of ((-1)/2)/(b/(-16)).
2
Let x(q) = -q**3 - 11*q**2 + 11*q - 2. Let k be x(-12). Let d = -1 + k. List the prime factors of d.
3
List the prime factors of (-1)/(580/195 - 3).
3, 13
Suppose 0 = -n - n + 66. Suppose 5*w - 55 + 18 = -4*y, 4*y + w - n = 0. What are the prime factors of y?
2
Let n(s) = -3*s + 3. Let r(p) = p**2 - 9*p + 5. Let x be r(9). Suppose -x*y + 4*f - 19 = 0, -y + 5*f - 7 = f. What are the prime factors of n(y)?
2, 3
Let y(r) = 16*r**2 - 2*r - 3. What are the prime factors of y(-1)?
3, 5
Suppose -6 = -0*w - 2*w, -u + 3*w = -19. What are the prime factors of u?
2, 7
Let z(y) = y**3 + 10*y**2 + 21*y + 4. What are the prime factors of z(-6)?
2, 11
Let h(j) = j. Let b be h(0). Suppose b*u = u - 19. What are the prime factors of u?
19
Let k be 3*30/27*3. Suppose -9 = -2*q + 4*x + 11, -4*q + k = 2*x. What are the prime factors of q?
2
Suppose -1 = h - 4*f + 2, 0 = -4*h + 3*f + 1. Let a = h + -1. Suppose a = -4*z + 2*z + 6. What are the prime factors of z?
3
Let j(p) = p**3 + 7*p**2 + p + 9. Let g be j(-7). Suppose w - 1 = -g. What are the prime factors of (-4 + w)*(0 + -1)?
5
Let c(d) = 1. Let x(a) = -a**2 + 8*a + 4. Let b(k) = -3*c(k) + x(k). What are the prime factors of b(5)?
2
Suppose 0 = -5*j - 12 + 27. Suppose -j*b = 5*u - 82, -3 = 5*u + 2. List the prime factors of b.
29
What are the prime factors of (-63 - -11)*(2 - (-13)/(-4))?
5, 13
Let g(y) = -6*y**3 - 4. What are the prime factors of g(-2)?
2, 11
What are the prime factors of ((-6)/(-7))/(4/56)?
2, 3
Let v(y) be the first derivative of y**2/2 + 2*y - 2. Let g(m) = m**3 - 3*m**2 - 3*m. Let x be g(4). What are the prime factors of v(x)?
2, 3
Let v = 1 + 3. Suppose 3*q + 175 = 2*q + 5*t, 0 = -2*q - v*t - 350. List the prime factors of ((-2)/5)/(5/q).
2, 7
Let f(b) = b**3 + 12*b**2 - 13*b + 8. Let n be f(-13). Suppose 0 = 2*h - h - n. List the prime factors of h.
2
Suppose 16*r - 20*r + 232 = 0. Let d = 110 - r. List the prime factors of d.
2, 13
Let q be -2*15*(-12)/(-10). Let n = 52 + q. List the prime factors of n.
2
Let t = -56 + 81. Let w = -5 + t. What are the prime factors of w?
2, 5
Suppose 0*f - 5 = -5*f. Suppose 3*l = -2*o + 33, -4*l = -3*l + 4*o - f. What are the prime factors of l?
13
Let d(o) = 4*o + 2. Let y be d(-2). Let c(p) = -6*p + 5. Let i(m) = -3*m + 2. Let j(n) = -3*c(n) + 7*i(n). What are the prime factors of j(y)?
17
Suppose 0*p - 2*p + 190 = 0. What are the prime factors of p?
5, 19
Let h(k) = k + 1. Let n be h(9). List the prime factors of ((-12)/(-5))/(3/n).
2
Let p = 0 + -6. List the prime factors of (p/(-5))/(4/130).
3, 13
Let n = 45 - -82. List the prime factors of n.
127
Suppose u - 1 = h + 20, -2*u - 112 = 5*h. Suppose 4 = 2*k, -2*j + 4*k - 2*k = -62. Let o = j + h. What are the prime factors of o?
11
Suppose -4*s + 2 = -30. What are the prime factors of s?
2
Suppose -5*a - 4 = 16. Let o(x) = -x - 3 + 0*x**3 + 36*x**2 - 39*x**2 - x**3. What are the prime factors of o(a)?
17
Let h(b) = -b. Let g be h(-3). Suppose g*x - 44 = x. What are the prime factors of 1 + (-2)/((-4)/x)?
2, 3
Suppose 1 - 3 = 2*l. Let g be 4/(4/2) - l. Let z(m) = 2*m**2 - 3*m + 2. List the prime factors of z(g).
11
Let l = -4 + 13. What are the prime factors of l?
3
What are the prime factors of (-2)/(-9) + 4728/108?
2, 11
Let l = -30 - -58. What are the prime factors of l?
2, 7
List the prime factors of 10/(-15) - 1028/(-12).
5, 17
Suppose 0 = 4*u - 3*u + 1. List the prime factors of (-1)/(u + 6/7).
7
Suppose 3*b + 2*b - 115 = 0. What are the prime factors of b?
23
Suppose 6*l - l = 115. What are the prime factors of l?
23
Suppose 3*s - 31 = -5*n - 5, 4*n - 22 = -3*s. Let i = n - -21. List the prime factors of i.
5
List the prime factors of (-621)/6*(2 + -4).
3, 23
Let q = 26 - 16. Let v = -14 + q. What are the prime factors of 6/(-12) + (-50)/v?
2, 3
Let v = -1 + 1. Suppose y = -v*y + 22. What are the prime factors of y?
2, 11
Let r be (-1 - -1)/((-3)/(-3)). Suppose 5*l + 16 = s, 0 = -3*s - r*s + 3*l + 48. List the prime factors of s.
2
Suppose -18 = -2*x + 4. Let z(w) = 2*w + 2. List the prime factors of z(x).
2, 3
List the prime factors of (-31)/(-3 - (-4 - -2)).
31
Let s = 8 - 5. Suppose s*r - 22 = -3*d - 1, -r = 4*d - 19. Suppose -5*c + q = -2*q - 69, -4*q = r*c - 24. What are the prime factors of c?
2, 3
Let d(b) = -3*b**3 + 8*b**2 + 8*b + 10. Let v(i) = i**3 - i**2 - i. Let t(m) = d(m) + 2*v(m). Let p be t(7). Suppose 2*g = p*g - 5. List the prime factors of g.
5
Let y(b) = b**2 - 2*b - 1. Suppose -5*x = -3*x - 6. Let m be y(x). Suppose -4*l + 26 = -2*n, 15 = m*l + 2*n - 5*n. List the prime factors of l.
2, 3
Let y = 4 + 15. List the prime factors of y.
19
Suppose 0 = 5*n - 4*n - 38. List the prime factors of n.
2, 19
Suppose 3*z - 10 = 5. Let m(q) = q**2 + 4. What are the prime factors of m(z)?
29
Suppose 0*r - 129 = -3*r. List the prime factors of r.
43
Let b be (8*3/6)/1. Suppose 4*h = -b*o, -4*o = 11 - 3. Let p(a) = a**3 - a**2 - a + 1. List the prime factors of p(h).
3
Let z = -1 - 2. List the prime factors of z/((6/(-20))/1).
2, 5
Let g(s) = 2*s - 4. Let b be g(3). Suppose -b*o + 3*o = 28. List the prime factors of o.
2, 7
Let p be (-7 - -8)/((-2)/(-6)). Suppose 63 = 2*i + p. List the prime factors of i.
2, 3, 5
Suppose 164 = 6*l - 136. What are the prime factors of l?
2, 5
Let p(b) be the third derivative of -b**5/60 - 7*b**3/2 + 4*b**2. Let v(i) = 2*i**2 + 42. Let d(m) = -9*p(m) - 4*v(m). List the prime factors of d(0).
3, 7
Suppose -5*n - b + 203 = 0, -5*b = n + n - 95. List the prime factors of n.
2, 5
Let x(n) = 4*n**3 + n**2 - n. Let p(b) = b - 6. Let y be p(7). What are the prime factors of x(y)?
2
Let d be 0 - (1 - 0 - 5). Let q(s) = -s**3 + 6*s**2 - 7*s + 4. Let j be q(d). Let b = 16 - j. What are the prime factors of b?
2
Suppose 3*u + 0*u + 3*r + 54 = 0, 0 = -3*u + 3*r - 24. Le